s m(2)?
0
Let f(i) be the second derivative of -i**3/6 + i**2/2 + 21*i. Let g = 35 - 29. Calculate f(g).
-5
Let i be (195/(-26)*(-5)/((-30)/(-8)))/2. Let o(g) = g**3 - 9*g**2 + 19*g + 4. Give o(i).
-1
Let z(p) = 5*p**2 + 2*p + 3. Let l = -3 - -1. Let n be z(l). Let d(m) = m**3 - 4 - 2*m + n*m**2 + m**2 - 23*m**2. Calculate d(4).
4
Let v(g) = -g**2 - 2. Let w(r) = -r**3 - 5*r**2 - 5*r + 11. Let n be w(-4). Suppose -n*s + 316 = 271. What is v(s)?
-11
Let h be (7/(-3) + 2)*108/(-9). Let g(z) = 38*z + 3 - 11*z**2 + 8*z**2 + h*z**2 - 29*z. Calculate g(-5).
-17
Let f(v) be the second derivative of v**3/6 + 2*v**2 + 69*v + 5. Determine f(-14).
-10
Let v(u) = u + 1. Let i be (-18)/(-4) + -2 - 1/2. Suppose r + i = -5*b + 4*b, -14 = -2*b + 4*r. Let p be 28/(-126) + (b - 29/(-9)). Give v(p).
5
Let v(b) = -1 + 0 + 2 - 38*b**2 + 73*b**2 - 31*b**2. Suppose 2*g = 12 - 14. What is v(g)?
5
Let n be (2/(-3))/((-2)/2757). Let f(h) = -1 + 2*h**3 + 3 + n*h**2 + 8*h - 926*h**2. Let v be f(2). Let m(b) = b - 4. Calculate m(v).
2
Suppose 26*b - 288 = 4*b - 26*b. Let z(g) be the third derivative of -g**4/8 + 5*g**3/6 - 12*g**2. Determine z(b).
-13
Let j(f) = -2*f + 7. Suppose -18 = u + 5*i, -5*u - 4 = 5*i - 14. Suppose u*h - 10*h = -9*h. Calculate j(h).
7
Let o(p) = -27*p + 8*p + 4*p + 38*p - 21*p + 10. Suppose -g + 3*w = -4*g + 3, -4*g = 2*w - 2. Calculate o(g).
10
Let n(j) = 22*j - 1. Let u = -426 - -428. Suppose 0 = -2*r - u*i - 14, -12 = -3*r + 3*i - 3. Determine n(r).
-45
Let p(j) = 5545 + 55*j**2 - 56*j**2 + 8*j - 5544. Suppose 3*m - m = 12. Determine p(m).
13
Let p = -2855 - -2838. Let b(z) = -4*z - 42. Calculate b(p).
26
Let o(p) = -p**3 + 29*p**2 - 35*p + 199. Let i(f) = f**3 + 21*f**2 - 131*f + 33. Let q be i(5). Calculate o(q).
3
Let j(p) be the first derivative of -2 + 1/4*p**4 + 2/3*p**3 + 0*p**2 - p. Suppose -2*l - 4 = 5*i, 2*i - 36*l + 33*l - 25 = 0. Give j(i).
15
Let y(u) = -u**3 - 7*u**2 + u - 8. Suppose 21*r = 10*r + 1067. Suppose r = -26*q - 85. Give y(q).
-15
Let c(b) be the first derivative of -89*b**2/2 - 4*b - 2500. Give c(1).
-93
Let n(f) = -4688*f - 2137 + 4483*f + 1315. Calculate n(-4).
-2
Let a(i) = -22*i**2 + 5*i - 3. Suppose 182*y - 164*y - 18 = 0. Calculate a(y).
-20
Let v be -2*((-18)/20)/((-87)/145). Let m(r) be the first derivative of 2*r + 4 + 1/2*r**2 - 1/4*r**4 - r**3. Calculate m(v).
-1
Let b(c) = c**2 + 16*c + 24. Let q be (3 - 37)/(-3 - -5). Calculate b(q).
41
Let m(k) = 802*k + 889*k - 1652*k + 11. What is m(-3)?
-106
Suppose 0 = 10*j - 8*j - 2, -3*j + 57 = 2*i. Suppose -i*u = -34*u + 49. Let k(f) = -f + 8. Determine k(u).
1
Let i(k) = -5*k**2 + 494. Let w be i(-10). Let z(s) = 2*s**2 + 6*s + 13. Calculate z(w).
49
Let t be ((0 - 11) + 1)*1. Let g(n) = -3*n**3 + 6*n**2 + 22*n + 7. Let s(w) = 8*w**3 - 10*w**2 - 52*w - 13. Let p(u) = -5*g(u) - 2*s(u). Determine p(t).
51
Let h(x) = -42*x - 50*x - x**2 - 9 - 49*x - 40*x + 190*x. What is h(7)?
5
Let d(v) = v**2 + 7*v + 3. Let x = 6 - -9. Suppose -2*h = h - x. Suppose h*u - 4*j + 50 = 0, 0 = 3*j + 3 - 18. Calculate d(u).
-3
Let z = -20 + 5. Let c be 2/10 - (-3)/z. Let b(g) = -19*g - 3. Let i(a) = -33*a - 7. Let h(x) = -7*b(x) + 4*i(x). What is h(c)?
-7
Let b(j) = -4*j**2 + 22*j + 11. Let s(g) = -g**3 - 13*g**2 - 114*g - 1786. Let x be s(-14). Determine b(x).
-1
Let r(s) = s**3 - 5*s**2 - 9*s + 24. Let y be r(4). Let b = y + 24. Let m(w) = -w**3 - 3*w**2 - 3*w. Calculate m(b).
28
Suppose 153 = -32*s - 39. Let l(z) be the third derivative of -z**6/120 - 7*z**5/60 - z**4/3 + z**3/6 - 13*z**2. Give l(s).
13
Let k be (0 - 8/(-18))/(280/2520). Let y(r) = -r**3 + 5*r**2 + 2*r + 2. What is y(k)?
26
Let y(x) = -x**3 - 3*x**2 + 6*x + 6. Let i(l) be the second derivative of l**3/6 + l**2 + 103*l - 1. Let g(m) = 2*i(m) - y(m). What is g(-4)?
-2
Suppose 120*q - 122*q = 12. Let d(b) = -29*b - 23*b + 51*b + 1. Determine d(q).
7
Let m(y) = -2 + y**3 - 21*y**2 - 206*y + 13*y**2 + 203*y. What is m(8)?
-26
Let w(i) = -7*i**3 - 1. Let s be w(-2). Suppose s = -7*h - 1. Let r(b) = -b**3 - 8*b**2 + 1. Let f be r(h). Let t(y) = 4*y**3 + y**2 + y - 1. Give t(f).
5
Let h(i) = -i**3 + 28*i**2 - 30*i + 79. Let k be h(27). Let b(n) = -n**3 + 3*n + 3. Give b(k).
5
Let f(y) = y**2 + 8*y + 2. Suppose -14*h = -5*h. Suppose 5*g + 6*g + 33 = h. Calculate f(g).
-13
Let s(r) = -2*r + 260*r**2 + 263*r**2 + 4*r - 775*r**2 + 253*r**2 + 1 + 15*r**3. Determine s(2).
129
Let f(s) = -s**2 - 12146*s - s**3 + 12149*s + 11 - 23. Calculate f(5).
-147
Suppose -5*z + 41 = -3*a + 11, 0 = z. Let s(n) = -n**3 - 7*n**2 + 27*n - 17. Determine s(a).
13
Let j(d) = -d**3 - 4*d**2 + 5*d + 2. Suppose 5*f - 2*f - 3*o - 21 = 0, -25 = 5*o. Suppose -5*y = f*k - 204, -k - 82 = -2*y - 2*k. Let m = y + -45. What is j(m)?
2
Let d(w) = w**3 - 33*w**2 - 35*w + 21. Let i(k) = k**2 + 2*k - 326. Let g be i(18). Give d(g).
-13
Suppose -603 + 611 = r, -3*p - 5*r = -85. Let d(b) = b**2 - 17*b + 34. What is d(p)?
4
Let d(q) = 86*q - 35. Let b(z) = -100*z + 36. Let o(j) = 6*b(j) + 7*d(j). Determine o(19).
9
Let m(v) be the second derivative of -5/12*v**4 - 11*v + 0*v**2 - v**3 + 1/20*v**5 - 2. Suppose 8*z - 30 = 3*z. What is m(z)?
0
Let p(v) = v**2 - 10*v - 4. Let s = -357 + 357. Suppose 0 = 4*b + 5*h - 50, 2*b + 2*h + s = 24. Calculate p(b).
-4
Let s = 5849 + -5841. Let d(c) = c**2 - 6*c + 10. Give d(s).
26
Let x(o) be the second derivative of -o**3/6 - o**2 + 11*o. Suppose -5*f = r - 114, 2*r - 8 = -0*r. Suppose -7*i + f + 20 = 0. What is x(i)?
-8
Let j(k) = 41*k - 81. Let v be j(2). Let g(u) = u**2 - u. Give g(v).
0
Let d be 4 + (-1)/(((-4)/8)/1). Let z(v) be the second derivative of -v**4/12 + 4*v**3/3 - 9*v**2/2 - 5*v + 155. What is z(d)?
3
Let m(o) = o**2 + 9*o + 2. Let n be ((-40)/(-24) - 8) + (-2 - 7/(-3)). Calculate m(n).
-16
Let s(i) = -5*i**2 - 32*i - 11. Suppose 154*a + 148*a + 96 = 286*a. Calculate s(a).
1
Let z(b) = 7*b**3 + 9*b**2 + 3*b - 10. Let s = -191 + 185. Let j(k) = -8*k**3 - 11*k**2 - 4*k + 11. Let q(f) = s*j(f) - 7*z(f). What is q(4)?
0
Let s(l) = -l**2 - 1 + l - 4*l + l. Suppose 17*r + 9 = 5*d + 16*r, 5*d = 2*r + 8. Suppose 0 = -4*t - d*n + 4, -n = -6*t + t - 9. Calculate s(t).
0
Let j(k) = k**2 - 3*k + 2. Suppose 26*z = 22*z. Suppose z = -2*i - i + 4*a + 48, a = -4*i + 45. Suppose 0 = -0*q - 4*q + i. Give j(q).
2
Let y(l) = -l + 2. Suppose 5*c + 5 = 105. Let x(r) be the third derivative of r**5/60 - 3*r**4/4 - 13*r**3/2 + 139*r**2. Let a be x(c). Determine y(a).
1
Let w(k) = -k**3 + k - 11. Let m(u) = 2*u + 13. Let t be m(-7). Let s be (12 - (t + 3))/((-2)/4). Let g be (5/s*0)/(-1). Determine w(g).
-11
Let a(u) = -u**3 - 10*u**2 - 2*u - 23. Let h be a(-10). Let d(p) be the second derivative of p**5/20 + p**4/4 - 5*p**3/6 - 3*p**2/2 - 11*p + 11. What is d(h)?
12
Let m(c) be the second derivative of c**4/12 - c**3/6 - 9*c**2/2 + 34262*c. Let o be 3/((-7)/(-4) + -1). Calculate m(o).
3
Let q(m) = m + 3. Let a(n) = -13*n**2 + 5*n + 10. Let l(o) = -a(o) + 4*q(o). Determine l(1).
14
Suppose h = -3*c - 8 + 19, 5*h - 31 = -3*c. Let g(j) = -j**2 + 2 - 63*j - j**3 + 38*j + 28*j - j**c. What is g(-4)?
22
Let i(d) = 3*d + 15. Let w(c) = 16*c - 17*c + 24 + 11*c + 21*c. Let b be w(-1). Give i(b).
-6
Let a(l) be the first derivative of l**3/3 + 4*l**2 + 13*l - 2356. What is a(-6)?
1
Let p be (0 + -2)*(-1 - 1). Let s(b) = -66*b + 635. Let i(l) = 59*l - 564. Let d(j) = -9*i(j) - 8*s(j). Give d(p).
-16
Let u(j) = 4*j**2 - 3*j - 20. Let p(v) = -8*v**2 + 7*v + 43. Let a(o) = 2*p(o) + 5*u(o). Let k(g) be the first derivative of a(g). What is k(6)?
47
Let o(n) = n**2 - 11*n - 1. Let x(g) = -2*g**2 - 3. Let u(y) = o(y) + x(y). Calculate u(-11).
-4
Let s(h) be the second derivative of -4 + 11/6*h**3 + 1/2*h**2 - 14*h. Give s(-2).
-21
Let u(v) = v**3 + 5*v**2 - v + 4. Let y(c) = 2*c - c - 3*c + 4 + 8*c. Let d be y(1). Suppose d = -2*b - 2. Give u(b).
-26
Let r be -3 + (-6 - (83 - -6)). Let x = -104 - r. Let j(w) = -w - 4. Determine j(x).
2
Let s(o) = -o**3 + 5*o**2 - 3*o + 2. Let g be (-10)/(-25)*(-2 - -7). Suppose 0 = -v - g*v. Suppose -2*c - 3*c + 15 = v. What is s(c)?
11
Let y(p) = -6*p**2 + 12*p + 23. Let s(u) = 5*u**2 - 10*u - 18. Let b(n) = -5*s(n) - 4*y(n). What is b(-6)?
-50
Let v(p) = -p**2 - 12*p + 8. Let n be (-44)/33 + 175/(-15). Determine v(n)